- -2b40?
2b41
In base 9, what is 2 - -1840?
1842
In base 16, what is 1 - -4d?
4e
In base 3, what is 2 - 210002?
-210000
In base 10, what is 228 - -6?
234
In base 7, what is 51 + -114?
-33
In base 13, what is 4 + 5?
9
In base 8, what is 10275 - -3?
10300
In base 8, what is 3 + 2073?
2076
In base 8, what is -1 + 60?
57
In base 5, what is -4203 + -2?
-4210
In base 8, what is 0 + -1034?
-1034
In base 3, what is 1 + -11101?
-11100
In base 3, what is 1 - 212111?
-212110
In base 9, what is -2 + -524?
-526
In base 2, what is -111 - -111?
0
In base 12, what is -13 - -24?
11
In base 12, what is -77 + 0?
-77
In base 3, what is -122 + -11100?
-11222
In base 3, what is 20 + -1010?
-220
In base 10, what is 1230 + 1?
1231
In base 12, what is -1 + 8?
7
In base 12, what is -1640 + 2?
-163a
In base 10, what is 2 - -217?
219
In base 15, what is 25e + -2?
25c
In base 7, what is 4 + 1456?
1463
In base 16, what is -dd - 0?
-dd
In base 13, what is 1bba - 5?
1bb5
In base 13, what is 7 - 52?
-48
In base 9, what is -4 - 112?
-116
In base 2, what is 1111100010101 + -11?
1111100010010
In base 16, what is 5 + 30?
35
In base 4, what is 2 + -121211?
-121203
In base 13, what is -2 - c32?
-c34
In base 2, what is -1101000111 - -101?
-1101000010
In base 11, what is -1 - 83?
-84
In base 4, what is -10 - -1103113?
1103103
In base 14, what is 2 + -7?
-5
In base 8, what is 134 - 5?
127
In base 2, what is -110 - 100?
-1010
In base 5, what is -1323 - 3?
-1331
In base 8, what is 514 + 5?
521
In base 15, what is -27 - -4?
-23
In base 8, what is -254 + -24?
-300
In base 6, what is 211 - 0?
211
In base 8, what is 30 - -35?
65
In base 7, what is -1 + 3666?
3665
In base 2, what is -10111 - 11?
-11010
In base 9, what is 68 + -55?
13
In base 2, what is -11 + 1011101000001?
1011100111110
In base 6, what is 2002 + 5?
2011
In base 10, what is 15 + -78?
-63
In base 13, what is 1 + -49?
-48
In base 2, what is -100 + 100?
0
In base 2, what is 101 - -100000001?
100000110
In base 12, what is -6 + 44?
3a
In base 8, what is 13 + -660?
-645
In base 7, what is -1564 - 2?
-1566
In base 6, what is -4 + -235?
-243
In base 16, what is 2 - 18a?
-188
In base 15, what is 17 + -2e?
-17
In base 4, what is 12 - -13?
31
In base 7, what is 2232 + 4?
2236
In base 8, what is 10501 - -1?
10502
In base 7, what is -3 + 124?
121
In base 12, what is 18a - -2?
190
In base 2, what is -100011 + -1010?
-101101
In base 15, what is 5b3 + 3?
5b6
In base 14, what is 5 + 984?
989
In base 7, what is -155 - 53?
-241
In base 7, what is -3 + 23423?
23420
In base 5, what is 200 + 1?
201
In base 12, what is -b + -281?
-290
In base 16, what is -2f - 4?
-33
In base 14, what is -204 + -4?
-208
In base 8, what is 1 + -302?
-301
In base 12, what is -4 + -9b?
-a3
In base 3, what is 111 - 202?
-21
In base 10, what is -85 + 5?
-80
In base 7, what is 1106 + -5?
1101
In base 6, what is -335422 - 1?
-335423
In base 8, what is 5 - -33?
40
In base 2, what is 101 - -111001?
111110
In base 3, what is 10010 + -1?
10002
In base 2, what is 1100000 - -1000?
1101000
In base 3, what is 1001 + -10?
221
In base 2, what is 101 - -111000001100?
111000010001
In base 5, what is 34013 - 0?
34013
In base 5, what is 2402 - -2?
2404
In base 4, what is 11230321 - 2?
11230313
In base 3, what is 2121102 + -2?
2121100
In base 15, what is 305 + 2?
307
In base 6, what is 0 - 40?
-40
In base 5, what is -24002 + 4?
-23443
In base 5, what is 12341 - -4?
12400
In base 14, what is 1b + -36?
-19
In base 14, what is 0 - 2?
-2
In base 11, what is -4 - -31?
28
In base 6, what is 13 - 35?
-22
In base 14, what is 1100 - -1?
1101
In base 5, what is 0 + -213?
-213
In base 15, what is -92c + b?
-921
In base 10, what is 357 + 2?
359
In base 9, what is 0 - 142?
-142
In base 8, what is 0 + 74?
74
In base 11, what is 0 - 4074?
-4074
In base 6, what is 15 - 13?
2
In base 14, what is -3 + -3?
-6
In base 3, what is -1 - -2011?
2010
In base 16, what is 5 - -53?
58
In base 5, what is 1104 + -4?
1100
In base 2, what is 10101001 + 10101111?
101011000
In base 16, what is 1a - f?
b
In base 5, what is 1203 + -124?
1024
In base 12, what is 0 + a?
a
In base 2, what is -1001000100111 - 0?
-1001000100111
In base 10, what is 1 + 64?
65
In base 5, what is 132 + -121?
11
In base 9, what is -18 + -14?
-33
In base 11, what is -4 - 2aa5?
-2aa9
In base 8, what is 3 + -726?
-723
In base 15, what is 0 + 3b7?
3b7
In base 7, what is 30 - -31?
61
In base 8, what is -3 - -1320?
1315
In base 12, what is 0 + -165?
-165
In base 9, what is -6 - -36?
30
In base 7, what is -1326 - -24?
-1302
In base 10, what is 4 - 92?
-88
In base 13, what is -6 - -5a?
54
In base 2, what is 1001 - 1000001101?
-1000000100
In base 5, what is 1 + -13?
-12
In base 4, what is 1 - -113?
120
In base 11, what is 299 + -1?
298
In base 5, what is 10 - 44?
-34
In base 4, what is 102 + 0?
102
In base 16, what is 3 + 14?
17
In base 5, what is 202 - -13?
220
In base 15, what is -14 - 56?
-6a
In base 13, what is 88c - -2?
891
In base 3, what is -2202 - 10?
-2212
In base 4, what is 10323233 - 11?
10323222
In base 15, what is 1 - -29?
2a
In base 5, what is -1 - -21?
20
In base 11, what is 98 - 5?
93
In base 7, what is 52 - 113?
-31
In base 11, what is -12 - -36?
24
In base 2, what is -11111101011 - -1011?
-11111100000
In base 3, what is -10 - 211100?
-211110
In base 8, what is -21 + 416?
375
In base 3, what is 11 + 21221?
22002
In base 9, what is 5731 - -1?
5732
In base 13, what is -b24b + 0?
-b24b
In base 11, what is -72 - -2?
-70
In base 13, what is 67 - 2?
65
In base 8, what is 0 + -233?
-233
In base 10, what is -5 + 160?
155
In base 6, what is 124 - 4?
120
In base 6, what is -1 - -1015?
1014
In base 8, what is -56 - -2?
-54
In base 2, what is -101 - 11001001?
-11001110
In base 8, what is 100 - 7?
71
In base 6, what is 5 - 44?
-35
In base 16, what is -1 + a9?
a8
In base 13, what is 289 + -3?
286
In base 8, what is 465 + -6?
457
In base 5, what is 11 - -200?
211
In base 11, what is 9a9 + -4?
9a5
In base 6, what is 2 + 4000?
4002
In base 4, what is 2112022 + -3?
2112013
In base 3, what is 10 + -1112?
-1102
In base 5, what is -2 + -101?
-103
In base 4, what is 10003 + 0?
10003
In base 15, what is 10 + -1?
e
In base 2, what is -1100111001 + -1011?
-1101000100
In base 5, what is -3 + 22140?
22132
In base 6, what is 13 - -2110?
2123
In base 9, what is 4 + 24?
28
In base 8, what is 107 + -12?
75
In base 8, what is 152 - 0?
152
In base 4, what is -3021 + -10?
-3031
In base 14, what is -1a - -15?
-5
In base 14, what is 1c - 3?
19
In base 13, what is 4 + 28?
2c
In base 10, what is 2 - 2708?
-2706
In base 8, what is -4 + -327?
-333
In base 14, what is 238 - 3?
235
In base 5, what is 421 - -2?
423
In base 13, what is c7 + 3?
ca
In base 2, what is 110101100 + -110?
110100110
In base 12, what is -2 - 24?
-26
In base 2, what is 1011 + 10000?
11011
In base 8, what is -4215 + -1?
-4216
In base 8, what is -1742 - 0?
-1742
In base 8, what is 1 - -6250?
6251
In base 6, what is -2 - -12?
10
In base 3, what is 110 + -2112?
-2002
In base 3, what is 12 - 1110210?
-1110121
In base 13, what is 13 + 49?
5c
In base 12, what is 106 - 10?
b6
In base 16, what is 8 - -2a1?
2a9
In base 9, what is -2 + -204?
-206
In base 15, what is -31 + 17?
-19
In base 15, what is 4 + 51?
55
In base 16, what is 1b - 2d?
-12
In base 10, what is 4 + -332?
-328
In base 6, what is -10 + -4353?
-4403
In base 10, what is -8 - -159?
151
In base 10, what is -43000 + -1?
-43001
In base 13, what is -8 + -46?
-51
In base 3, what is 10 + -2222?
-2212
In base 3, what is -220 + -20022?
-21012
In base 3, what is 1 - -202002?
202010
In base 6, what is 3 + -42?
-35
In base 8, what is 1370 - -1?
1371
In base 2, what is 100001111 - -1101?
100011100
In base 11, what is 112 - -5?
117
In base 8, what is 2 - 5561?
-5557
In base 11, what is 25 - 8?
18
In base 8, what is 27 - -7?
36
In base 6, what is -511 - -3?
-504
In base 6, what is 0 + -554?
-554
In base 13, what is a + 19?
26
In base 4, what is 12 - -123?
201
In base 2, what is -10100100 + -1?
-10100101
In base 11, what is -5 - -3a?
35
In base 16, what is -1 + -19a?
-19b
In base 8, what is 3 + -331?
-326
In base 14, what is 4 - 29?
-25
In base 12, what is b8 + -1?
b7
In base 10, what is -2 + 24?
22
In base 11, what is 9 - 48?
-3a
In base 5, what is 0 + -4421?
-4421
